{"id":1479,"date":"2024-10-30T12:06:57","date_gmt":"2024-10-30T11:06:57","guid":{"rendered":"https:\/\/arvinbenet.sk\/projekty\/?page_id=1479"},"modified":"2025-12-17T13:37:43","modified_gmt":"2025-12-17T12:37:43","slug":"vily-na-bali-s-vyhladom-do-dzungle","status":"publish","type":"page","link":"https:\/\/www.arvinbenet.sk\/projekty\/vily-na-bali-s-vyhladom-do-dzungle\/","title":{"rendered":"Vily na Bali s v\u00fdh\u013eadom do d\u017eungle"},"content":{"rendered":"<p><img decoding=\"async\" src=\"https:\/\/arvinbenet.sk\/projekty\/wp-content\/uploads\/2024\/09\/projekty-1727354393820-4b8e69af-dec1-4573-a203-f5f5c9e46e03-1-1.jpg\" \/><\/p>\n","protected":false},"excerpt":{"rendered":"","protected":false},"author":4,"featured_media":0,"parent":0,"menu_order":0,"comment_status":"closed","ping_status":"closed","template":"page-project.php","meta":{"inline_featured_image":false,"footnotes":""},"_links":{"self":[{"href":"https:\/\/www.arvinbenet.sk\/projekty\/wp-json\/wp\/v2\/pages\/1479"}],"collection":[{"href":"https:\/\/www.arvinbenet.sk\/projekty\/wp-json\/wp\/v2\/pages"}],"about":[{"href":"https:\/\/www.arvinbenet.sk\/projekty\/wp-json\/wp\/v2\/types\/page"}],"author":[{"embeddable":true,"href":"https:\/\/www.arvinbenet.sk\/projekty\/wp-json\/wp\/v2\/users\/4"}],"replies":[{"embeddable":true,"href":"https:\/\/www.arvinbenet.sk\/projekty\/wp-json\/wp\/v2\/comments?post=1479"}],"version-history":[{"count":31,"href":"https:\/\/www.arvinbenet.sk\/projekty\/wp-json\/wp\/v2\/pages\/1479\/revisions"}],"predecessor-version":[{"id":2169,"href":"https:\/\/www.arvinbenet.sk\/projekty\/wp-json\/wp\/v2\/pages\/1479\/revisions\/2169"}],"wp:attachment":[{"href":"https:\/\/www.arvinbenet.sk\/projekty\/wp-json\/wp\/v2\/media?parent=1479"}],"curies":[{"name":"wp","href":"https:\/\/api.w.org\/{rel}","templated":true}]}}